er when 17 is divided by i(h)?
5
Suppose -d = -4*d + 45. Let z be -6 + (-1 - (0 + -1)). Calculate the remainder when d is divided by ((-3)/1)/(z/16).
7
Let b = -50 + 76. Let t = b + -6. Let j = -10 - -17. Calculate the remainder when t is divided by j.
6
Calculate the remainder when 40 is divided by 1/1 + (-3 - -16).
12
Let z(l) = 10*l. Calculate the remainder when 1484/42 - (-4)/6 is divided by z(1).
6
Let w(a) = a**3 - 3*a**2 + 3*a + 3. Suppose 2*h - t - 7 = -2*t, 0 = t - 1. What is the remainder when w(h) is divided by 7?
5
Suppose 2*a + 13 = 33. Calculate the remainder when 17 is divided by a.
7
Let y = -32 + 100. Let a be 45/(-10)*(-42)/3. Let m = a - 40. What is the remainder when y is divided by m?
22
Let b = -4 - -18. What is the remainder when b is divided by 4?
2
Suppose -2*m + 12 = 3*g + 2*g, -4*g + 4 = -4*m. Calculate the remainder when (-1)/g*2 - -12 is divided by 3.
2
Let t(g) = -g**2 - 11*g + 8. What is the remainder when 68 is divided by t(-10)?
14
Suppose 0 = 5*m + 25, 0*f - 3*f - 2*m = -20. Calculate the remainder when 17 is divided by f.
7
Suppose 3*z - u = -6*u - 63, -95 = 5*z + 5*u. What is the remainder when 6/(-21) + z/(-7) is divided by 1?
0
Suppose 4*t + 104 = 404. Calculate the remainder when t is divided by 19.
18
Let b = -47 + 69. Suppose 37 = -4*s - 0*s + 3*k, 0 = 3*s + k + 31. Let h = s - -22. What is the remainder when b is divided by h?
10
Let d = 23 + -10. Let j(c) = c + 5. Let n be j(-5). Suppose n*r = 5*r - 190. What is the remainder when r is divided by d?
12
Let g = -87 + 106. What is the remainder when 52 is divided by g?
14
Let s = 36 - 17. Suppose -3*o - s = -31. What is the remainder when 7 is divided by o?
3
Let f = -31 + 49. Calculate the remainder when f is divided by 7.
4
Suppose v = -2*s - 150, -2*s - 20 = 3*s. Let p = -73 - v. What is the remainder when p is divided by 24?
21
Let t(r) be the third derivative of r**5/60 - r**4/24 - 8*r**2. What is the remainder when 77 is divided by t(-4)?
17
Let j be (-1)/(-4) + (-94)/(-8). Suppose 0*h - j = -2*h. Calculate the remainder when 10 is divided by h.
4
Suppose 5 = -3*a - 5*r + 132, 3*a - 4*r - 163 = 0. What is the remainder when a is divided by 14?
7
Let x = 15 + -19. What is the remainder when (-392)/(-4) - 4 - x is divided by 25?
23
Let v be 2/(-8) + 1282/8. Suppose -4*k - 44 = v. Calculate the remainder when 50 is divided by ((-3)/9)/1*k.
16
Let m = -35 + 58. What is the remainder when m is divided by 56/9 + (-6)/27?
5
Suppose 0*l + f + 61 = 2*l, -3*l + 4*f = -79. Calculate the remainder when l is divided by (4/(-8))/((-2)/28).
5
Let d(z) = 2*z + 8. Calculate the remainder when 21 is divided by d(0).
5
Suppose 0 = 2*w - 32 + 10. What is the remainder when 32 is divided by w?
10
Let y = 21 - 13. Suppose 0 = -2*i - 2*i + 2*k - 14, 2*i = -4*k - 2. Let d = 6 + i. Calculate the remainder when y is divided by d.
2
Let k(t) = 5*t - 9. Calculate the remainder when k(14) is divided by 22.
17
Let l(s) = 37*s**3 - 2*s + 1. Let p be l(1). Suppose -2 = v - p. Let j = v - 10. What is the remainder when j is divided by 13?
11
Let j(u) = 2*u**2 + 3*u - 7. What is the remainder when j(-6) is divided by 16?
15
Suppose 4*r - 6*r = -2*u - 56, -5*r - 2*u = -147. Calculate the remainder when 112 is divided by r.
25
Let c be ((-2)/(-6))/(3/27). Suppose -4*a = -c*a - 2. What is the remainder when (6/(-4))/(a/(-28)) is divided by 6?
3
Let k(t) = -t**2 + 9*t - 7. Let r be k(9). What is the remainder when 31 is divided by (-12)/r*(-56)/(-12)?
7
Let y(h) be the second derivative of h**5/20 + h**4/4 - h**3/6 + 3*h**2/2 - 2*h. Let z be y(-4). Calculate the remainder when 19 is divided by 3*((-21)/z + 0).
5
Let k = -60 - -133. Calculate the remainder when k is divided by 23.
4
Let h(j) = -j**2 + 8*j. Let m be h(8). Suppose 2*f - 3*v - 22 = m, 6*v - 6 = -2*f + v. Calculate the remainder when 22 is divided by f.
6
Let b(v) = v**2 - 8*v + 4. Let u be b(3). Let c = u - -20. Calculate the remainder when 15 is divided by c.
6
Let b = -23 + 46. What is the remainder when b is divided by (7 - -5)*4/6?
7
Suppose 34*p - 35*p = -27. Let o = 0 + 0. Suppose -5*a + 4 = 2*z - 26, o = -5*a. Calculate the remainder when p is divided by z.
12
Suppose 10 = 5*h - 40. Suppose 120 = 5*q - 5*f, -5*f = -0*f - h. What is the remainder when 75 is divided by q?
23
Let d = 5 - -10. Suppose -2*r = -2*a + 3*r - 4, -3*a + r + 20 = 0. Calculate the remainder when d is divided by a.
7
Let s be (-3 + (-3 - -1))/(-1). Suppose s*d = 321 - 71. Calculate the remainder when d is divided by 13.
11
Suppose 66 = i + 2*g, -4*i + g + g = -244. Suppose -f = f - i. What is the remainder when f is divided by 8?
7
Suppose 14*j - 18*j = -44. What is the remainder when 19 is divided by j?
8
Suppose -4*j + 305 = j. Suppose -3*m = 2*q + 49, -3*m - 9 = -4*q + 28. What is the remainder when j is divided by 1/3 - 310/m?
19
What is the remainder when 31 is divided by (-8)/(-10)*(20 + -10)?
7
Suppose -10 = -65*g + 60*g. What is the remainder when 11 is divided by g?
1
Let d(j) = -13 - 8*j**2 - j**3 + 2*j**3 - 7*j + 0*j. Calculate the remainder when 8 is divided by d(9).
3
Let i be -6 - -4*3/6. Let m = i + 8. Calculate the remainder when m is divided by 2.
0
Suppose 0 = 4*y - 5*j - 18, y - 3*j + 3 = 2*j. Let h be 30/(-20) + (-18)/(-4). Let o = y + h. What is the remainder when o is divided by 4?
2
Let t(w) = 5*w - 6. Let z = 80 + -73. What is the remainder when t(5) is divided by z?
5
Suppose 0 = -6*x + 7*x - 20. What is the remainder when x is divided by 14?
6
Let m(a) = -94*a**3 + 2*a - 1. Let t be m(1). Suppose -3*v + 17 = -4*q - 11, 2*q = -5*v + 12. Calculate the remainder when t/(-9) - 2/6 is divided by v.
2
Let p(v) = v**3 - 2*v + 1. Let t(h) = h**2 - 11*h + 12. Let r be t(10). Calculate the remainder when p(r) is divided by 3.
2
Suppose -3*w + 250 = -4*v, 1 = v - 4. Suppose -42 = -4*f + 4*j + 34, -31 = -f - 2*j. Calculate the remainder when w is divided by f.
21
Let i(r) = r**2 + 2*r + 3. Suppose -5*z + 32 = -4*n, 5*z + 3*n - 14 = n. Suppose z*v + 0 = 8. What is the remainder when i(-2) is divided by v?
1
Let n(z) = -z**3 - 10*z**2 + 11*z + 12. Calculate the remainder when 21 is divided by n(-11).
9
Let g(s) = 3 - s**2 - 4*s + 5*s + 11. Suppose 9*m = -7*m + 416. Calculate the remainder when m is divided by g(0).
12
Let y be -90 + 1 + -1 + 3. Let d = -46 - y. What is the remainder when d is divided by 14?
13
Let c(v) = -v**3 + 10. Suppose 0 = 4*z - 5*l - 27, -2*z + l = 3*l. Suppose 9 = z*y - 0*y. What is the remainder when c(0) is divided by y?
1
Suppose -14 = -3*r - 5. Suppose -n + 2 = 3, r*s + n = -61. Let f = s + 41. What is the remainder when f is divided by 11?
10
What is the remainder when 37 is divided by (70/(-42))/(2/(-6))?
2
Suppose 12 - 3 = v. Calculate the remainder when (v/(-6))/((-12)/112) is divided by 4.
2
Suppose -q + 9 = 3. Calculate the remainder when 20 is divided by (2/(-6))/(q/(-126)).
6
Suppose -3*a + 116 = a + 2*d, 3*a - 5*d - 87 = 0. Suppose -2*v = -36 + 6. Calculate the remainder when a is divided by v.
14
Let q(b) = 3*b - 6. Let w be q(-8). Let o be (20/6)/((-4)/w). Suppose o = 4*v - 123. What is the remainder when v is divided by 13?
11
Suppose x - 3 = -2*c + 7, -31 = -4*x - 5*c. Suppose -5*p + 575 = -d, 3*p + x*d = 345 - 0. Suppose 6*f = f + p. Calculate the remainder when f is divided by 8.
7
Let f be -5 + (2 - -1 - 1). Let g = -83 - -98. Calculate the remainder when 110/f*(-6)/5 is divided by g.
14
Suppose 0*o + 5*o - 20 = 0. Calculate the remainder when 10 is divided by o.
2
Suppose 4*l + 1 = 21. Let q = -3 + l. Suppose -48 = -q*g - g. Calculate the remainder when 31 is divided by g.
15
Suppose 3*z - 2*s + 4 - 17 = 0, z = s + 6. What is the remainder when 3 is divided by z?
0
Let q = -14 - -34. What is the remainder when 75 is divided by q?
15
Let a be ((-3)/4)/((-1)/72). Suppose 2*p - k - 7 = p, 4*k = -4*p + 36. Calculate the remainder when (-1 + a/8)*4 is divided by p.
7
Suppose -3*h + 75 = -3*m, h + 2*m - 29 = 4*m. What is the remainder when 78 is divided by h?
15
Let g(v) = v**2 - 5*v - 2. Let c be g(6). Suppose -y - c = 4. Let i = -4 - y. Calculate the remainder when 11 is divided by i.
3
Let m(z) = 2*z + 3. Let i be m(-4). Let x(k) = k**3 + 5*k**2 + 6. Let g be x(i). Let w = g - 0. What i